CRAN Package Check Results for Package mmmgee

Last updated on 2021-11-01 00:49:45 CET.

Flavor Version Tinstall Tcheck Ttotal Status Flags
r-devel-linux-x86_64-debian-clang 1.20 8.73 73.65 82.38 OK
r-devel-linux-x86_64-debian-gcc 1.20 7.35 57.55 64.90 OK
r-devel-linux-x86_64-fedora-clang 1.20 112.85 NOTE
r-devel-linux-x86_64-fedora-gcc 1.20 100.70 OK
r-devel-windows-x86_64 1.20 13.00 75.00 88.00 OK
r-devel-windows-x86_64-gcc10-UCRT 1.20 OK
r-patched-linux-x86_64 1.20 8.41 73.90 82.31 OK
r-patched-solaris-x86 1.20 143.20 OK
r-release-linux-x86_64 1.20 8.25 71.17 79.42 OK
r-release-macos-arm64 1.20 OK
r-release-macos-x86_64 1.20 OK
r-release-windows-ix86+x86_64 1.20 13.00 69.00 82.00 OK
r-oldrel-macos-x86_64 1.20 OK
r-oldrel-windows-ix86+x86_64 1.20 12.00 100.00 112.00 OK

Check Details

Version: 1.20
Check: Rd cross-references
Result: NOTE
    Undeclared package ‘geeM’ in Rd xrefs
Flavor: r-devel-linux-x86_64-fedora-clang