CRAN Package Check Results for Package mmb

Last updated on 2021-11-01 00:49:45 CET.

Flavor Version Tinstall Tcheck Ttotal Status Flags
r-devel-linux-x86_64-debian-clang 0.13.3 3.99 117.75 121.74 NOTE
r-devel-linux-x86_64-debian-gcc 0.13.3 3.08 82.73 85.81 NOTE
r-devel-linux-x86_64-fedora-clang 0.13.3 150.32 NOTE
r-devel-linux-x86_64-fedora-gcc 0.13.3 141.86 NOTE
r-devel-windows-x86_64 0.13.3 6.00 116.00 122.00 NOTE
r-devel-windows-x86_64-gcc10-UCRT 0.13.3 NOTE
r-patched-linux-x86_64 0.13.3 3.88 113.55 117.43 NOTE
r-patched-solaris-x86 0.13.3 178.20 NOTE
r-release-linux-x86_64 0.13.3 3.45 110.23 113.68 NOTE
r-release-macos-arm64 0.13.3 NOTE
r-release-macos-x86_64 0.13.3 NOTE
r-release-windows-ix86+x86_64 0.13.3 6.00 109.00 115.00 NOTE
r-oldrel-macos-x86_64 0.13.3 NOTE
r-oldrel-windows-ix86+x86_64 0.13.3 5.00 160.00 165.00 OK

Check Details

Version: 0.13.3
Check: LazyData
Result: NOTE
     'LazyData' is specified without a 'data' directory
Flavors: r-devel-linux-x86_64-debian-clang, r-devel-linux-x86_64-debian-gcc, r-devel-linux-x86_64-fedora-clang, r-devel-linux-x86_64-fedora-gcc, r-devel-windows-x86_64, r-devel-windows-x86_64-gcc10-UCRT, r-patched-linux-x86_64, r-patched-solaris-x86, r-release-linux-x86_64, r-release-macos-arm64, r-release-macos-x86_64, r-release-windows-ix86+x86_64

Version: 0.13.3
Check: dependencies in R code
Result: NOTE
    Namespaces in Imports field not imported from:
     ‘datasets’ ‘doParallel’ ‘parallel’
     All declared Imports should be used.
Flavors: r-devel-linux-x86_64-fedora-clang, r-devel-linux-x86_64-fedora-gcc, r-devel-windows-x86_64-gcc10-UCRT, r-patched-solaris-x86, r-release-macos-arm64, r-release-macos-x86_64, r-oldrel-macos-x86_64