CRAN Package Check Results for Package mlrintermbo

Last updated on 2021-11-01 00:49:45 CET.

Flavor Version Tinstall Tcheck Ttotal Status Flags
r-devel-linux-x86_64-debian-clang 0.5.0 4.63 375.18 379.81 NOTE
r-devel-linux-x86_64-debian-gcc 0.5.0 3.70 270.22 273.92 NOTE
r-devel-linux-x86_64-fedora-clang 0.5.0 468.34 NOTE
r-devel-linux-x86_64-fedora-gcc 0.5.0 473.07 NOTE
r-devel-windows-x86_64 0.5.0 8.00 262.00 270.00 NOTE
r-devel-windows-x86_64-gcc10-UCRT 0.5.0 NOTE
r-patched-linux-x86_64 0.5.0 4.50 360.58 365.08 NOTE
r-patched-solaris-x86 0.5.0 584.10 NOTE
r-release-linux-x86_64 0.5.0 4.40 361.69 366.09 NOTE
r-release-macos-arm64 0.5.0 NOTE
r-release-macos-x86_64 0.5.0 NOTE
r-release-windows-ix86+x86_64 0.5.0 7.00 254.00 261.00 NOTE
r-oldrel-macos-x86_64 0.5.0 OK
r-oldrel-windows-ix86+x86_64 0.5.0 7.00 377.00 384.00 OK

Check Details

Version: 0.5.0
Check: LazyData
Result: NOTE
     'LazyData' is specified without a 'data' directory
Flavors: r-devel-linux-x86_64-debian-clang, r-devel-linux-x86_64-debian-gcc, r-devel-linux-x86_64-fedora-clang, r-devel-linux-x86_64-fedora-gcc, r-devel-windows-x86_64, r-devel-windows-x86_64-gcc10-UCRT, r-patched-linux-x86_64, r-patched-solaris-x86, r-release-linux-x86_64, r-release-macos-arm64, r-release-macos-x86_64, r-release-windows-ix86+x86_64