Last updated on 2021-11-01 00:49:45 CET.
Flavor | Version | Tinstall | Tcheck | Ttotal | Status | Flags |
---|---|---|---|---|---|---|
r-devel-linux-x86_64-debian-clang | 1.1.5 | 19.88 | 335.34 | 355.22 | NOTE | |
r-devel-linux-x86_64-debian-gcc | 1.1.5 | 16.06 | 250.66 | 266.72 | NOTE | |
r-devel-linux-x86_64-fedora-clang | 1.1.5 | 445.51 | NOTE | |||
r-devel-linux-x86_64-fedora-gcc | 1.1.5 | 444.91 | NOTE | |||
r-devel-windows-x86_64 | 1.1.5 | 29.00 | 257.00 | 286.00 | NOTE | |
r-devel-windows-x86_64-gcc10-UCRT | 1.1.5 | NOTE | ||||
r-patched-linux-x86_64 | 1.1.5 | 20.05 | 317.60 | 337.65 | NOTE | |
r-patched-solaris-x86 | 1.1.5 | 563.30 | NOTE | |||
r-release-linux-x86_64 | 1.1.5 | 20.36 | 314.65 | 335.01 | NOTE | |
r-release-macos-arm64 | 1.1.5 | NOTE | ||||
r-release-macos-x86_64 | 1.1.5 | NOTE | ||||
r-release-windows-ix86+x86_64 | 1.1.5 | 27.00 | 358.00 | 385.00 | NOTE | |
r-oldrel-macos-x86_64 | 1.1.5 | OK | ||||
r-oldrel-windows-ix86+x86_64 | 1.1.5 | 32.00 | 534.00 | 566.00 | OK |
Version: 1.1.5
Check: LazyData
Result: NOTE
'LazyData' is specified without a 'data' directory
Flavors: r-devel-linux-x86_64-debian-clang, r-devel-linux-x86_64-debian-gcc, r-devel-linux-x86_64-fedora-clang, r-devel-linux-x86_64-fedora-gcc, r-devel-windows-x86_64, r-devel-windows-x86_64-gcc10-UCRT, r-patched-linux-x86_64, r-patched-solaris-x86, r-release-linux-x86_64, r-release-macos-arm64, r-release-macos-x86_64, r-release-windows-ix86+x86_64