Last updated on 2021-11-01 00:49:45 CET.
Flavor | Version | Tinstall | Tcheck | Ttotal | Status | Flags |
---|---|---|---|---|---|---|
r-devel-linux-x86_64-debian-clang | 1.20.2 | 9.07 | 82.58 | 91.65 | OK | |
r-devel-linux-x86_64-debian-gcc | 1.20.2 | 8.17 | 63.54 | 71.71 | OK | |
r-devel-linux-x86_64-fedora-clang | 1.20.2 | 120.55 | NOTE | |||
r-devel-linux-x86_64-fedora-gcc | 1.20.2 | 108.97 | NOTE | |||
r-devel-windows-x86_64 | 1.20.2 | 16.00 | 82.00 | 98.00 | OK | |
r-devel-windows-x86_64-gcc10-UCRT | 1.20.2 | NOTE | ||||
r-patched-linux-x86_64 | 1.20.2 | 11.67 | 79.59 | 91.26 | OK | |
r-patched-solaris-x86 | 1.20.2 | 161.80 | NOTE | |||
r-release-linux-x86_64 | 1.20.2 | 10.15 | 80.43 | 90.58 | OK | |
r-release-macos-arm64 | 1.20.2 | NOTE | ||||
r-release-macos-x86_64 | 1.20.2 | NOTE | ||||
r-release-windows-ix86+x86_64 | 1.20.2 | 16.00 | 76.00 | 92.00 | OK | |
r-oldrel-macos-x86_64 | 1.20.2 | NOTE | ||||
r-oldrel-windows-ix86+x86_64 | 1.20.2 | 17.00 | 92.00 | 109.00 | OK |
Version: 1.20.2
Check: dependencies in R code
Result: NOTE
Namespace in Imports field not imported from: ‘xml2’
All declared Imports should be used.
Flavors: r-devel-linux-x86_64-fedora-clang, r-devel-linux-x86_64-fedora-gcc, r-devel-windows-x86_64-gcc10-UCRT, r-patched-solaris-x86, r-release-macos-arm64, r-release-macos-x86_64, r-oldrel-macos-x86_64