CRAN Package Check Results for Package mize

Last updated on 2021-11-01 00:49:45 CET.

Flavor Version Tinstall Tcheck Ttotal Status Flags
r-devel-linux-x86_64-debian-clang 0.2.4 7.81 67.40 75.21 NOTE
r-devel-linux-x86_64-debian-gcc 0.2.4 5.62 50.89 56.51 NOTE
r-devel-linux-x86_64-fedora-clang 0.2.4 99.30 NOTE
r-devel-linux-x86_64-fedora-gcc 0.2.4 87.88 NOTE
r-devel-windows-x86_64 0.2.4 11.00 71.00 82.00 NOTE
r-devel-windows-x86_64-gcc10-UCRT 0.2.4 NOTE
r-patched-linux-x86_64 0.2.4 7.00 67.63 74.63 NOTE
r-patched-solaris-x86 0.2.4 104.10 NOTE
r-release-linux-x86_64 0.2.4 6.30 67.42 73.72 NOTE
r-release-macos-arm64 0.2.4 NOTE
r-release-macos-x86_64 0.2.4 NOTE
r-release-windows-ix86+x86_64 0.2.4 9.00 62.00 71.00 NOTE
r-oldrel-macos-x86_64 0.2.4 OK
r-oldrel-windows-ix86+x86_64 0.2.4 10.00 90.00 100.00 OK

Check Details

Version: 0.2.4
Check: LazyData
Result: NOTE
     'LazyData' is specified without a 'data' directory
Flavors: r-devel-linux-x86_64-debian-clang, r-devel-linux-x86_64-debian-gcc, r-devel-linux-x86_64-fedora-clang, r-devel-linux-x86_64-fedora-gcc, r-devel-windows-x86_64, r-devel-windows-x86_64-gcc10-UCRT, r-patched-linux-x86_64, r-patched-solaris-x86, r-release-linux-x86_64, r-release-macos-arm64, r-release-macos-x86_64, r-release-windows-ix86+x86_64