Last updated on 2021-11-01 00:49:45 CET.
Flavor | Version | Tinstall | Tcheck | Ttotal | Status | Flags |
---|---|---|---|---|---|---|
r-devel-linux-x86_64-debian-clang | 0.0.4 | 19.43 | 168.87 | 188.30 | OK | |
r-devel-linux-x86_64-debian-gcc | 0.0.4 | 12.69 | 127.39 | 140.08 | OK | |
r-devel-linux-x86_64-fedora-clang | 0.0.4 | 232.54 | NOTE | |||
r-devel-linux-x86_64-fedora-gcc | 0.0.4 | 222.48 | OK | |||
r-devel-windows-x86_64 | 0.0.4 | 25.00 | 176.00 | 201.00 | OK | |
r-devel-windows-x86_64-gcc10-UCRT | 0.0.4 | OK | ||||
r-patched-linux-x86_64 | 0.0.4 | 19.60 | 167.77 | 187.37 | OK | |
r-patched-solaris-x86 | 0.0.4 | 202.90 | OK | |||
r-release-linux-x86_64 | 0.0.4 | 16.52 | 164.23 | 180.75 | OK | |
r-release-macos-arm64 | 0.0.4 | OK | ||||
r-release-macos-x86_64 | 0.0.4 | OK | ||||
r-release-windows-ix86+x86_64 | 0.0.4 | 21.00 | 165.00 | 186.00 | OK | |
r-oldrel-macos-x86_64 | 0.0.4 | OK | ||||
r-oldrel-windows-ix86+x86_64 | 0.0.4 | 19.00 | 228.00 | 247.00 | OK |
Version: 0.0.4
Check: Rd cross-references
Result: NOTE
Undeclared package ‘quantmod’ in Rd xrefs
Flavor: r-devel-linux-x86_64-fedora-clang