Last updated on 2021-11-01 00:49:45 CET.
Flavor | Version | Tinstall | Tcheck | Ttotal | Status | Flags |
---|---|---|---|---|---|---|
r-devel-linux-x86_64-debian-clang | 2.0.3 | 4.35 | 66.44 | 70.79 | OK | |
r-devel-linux-x86_64-debian-gcc | 2.0.3 | 3.03 | 51.16 | 54.19 | OK | |
r-devel-linux-x86_64-fedora-clang | 2.0.3 | 96.78 | NOTE | |||
r-devel-linux-x86_64-fedora-gcc | 2.0.3 | 86.79 | NOTE | |||
r-devel-windows-x86_64 | 2.0.3 | 8.00 | 83.00 | 91.00 | OK | |
r-devel-windows-x86_64-gcc10-UCRT | 2.0.3 | NOTE | ||||
r-patched-linux-x86_64 | 2.0.3 | 5.39 | 65.24 | 70.63 | OK | |
r-patched-solaris-x86 | 2.0.3 | 126.50 | NOTE | |||
r-release-linux-x86_64 | 2.0.3 | 3.75 | 64.98 | 68.73 | OK | |
r-release-macos-arm64 | 2.0.3 | NOTE | ||||
r-release-macos-x86_64 | 2.0.3 | NOTE | ||||
r-release-windows-ix86+x86_64 | 2.0.3 | 7.00 | 83.00 | 90.00 | OK | |
r-oldrel-macos-x86_64 | 2.0.3 | NOTE | ||||
r-oldrel-windows-ix86+x86_64 | 2.0.3 | 8.00 | 106.00 | 114.00 | OK |
Version: 2.0.3
Check: dependencies in R code
Result: NOTE
Namespace in Imports field not imported from: ‘grDevices’
All declared Imports should be used.
Flavors: r-devel-linux-x86_64-fedora-clang, r-devel-linux-x86_64-fedora-gcc, r-devel-windows-x86_64-gcc10-UCRT, r-patched-solaris-x86, r-release-macos-arm64, r-release-macos-x86_64, r-oldrel-macos-x86_64