Last updated on 2021-11-01 00:49:45 CET.
Flavor | Version | Tinstall | Tcheck | Ttotal | Status | Flags |
---|---|---|---|---|---|---|
r-devel-linux-x86_64-debian-clang | 0.1.5 | 68.13 | 29.15 | 97.28 | OK | |
r-devel-linux-x86_64-debian-gcc | 0.1.5 | 52.67 | 22.71 | 75.38 | OK | |
r-devel-linux-x86_64-fedora-clang | 0.1.5 | 163.76 | NOTE | |||
r-devel-linux-x86_64-fedora-gcc | 0.1.5 | 150.22 | NOTE | |||
r-devel-windows-x86_64 | 0.1.5 | 95.00 | 47.00 | 142.00 | OK | |
r-devel-windows-x86_64-gcc10-UCRT | 0.1.5 | NOTE | ||||
r-patched-linux-x86_64 | 0.1.5 | 61.95 | 28.53 | 90.48 | OK | |
r-patched-solaris-x86 | 0.1.5 | 141.40 | NOTE | |||
r-release-linux-x86_64 | 0.1.5 | 65.00 | 28.48 | 93.48 | OK | |
r-release-macos-arm64 | 0.1.5 | NOTE | ||||
r-release-macos-x86_64 | 0.1.5 | NOTE | ||||
r-release-windows-ix86+x86_64 | 0.1.5 | 132.00 | 56.00 | 188.00 | OK | |
r-oldrel-macos-x86_64 | 0.1.5 | NOTE | ||||
r-oldrel-windows-ix86+x86_64 | 0.1.5 | 127.00 | 72.00 | 199.00 | OK |
Version: 0.1.5
Check: dependencies in R code
Result: NOTE
Namespaces in Imports field not imported from:
‘DiceDesign’ ‘MaxPro’ ‘doSNOW’ ‘gmp’ ‘jpeg’
All declared Imports should be used.
Flavors: r-devel-linux-x86_64-fedora-clang, r-devel-linux-x86_64-fedora-gcc, r-devel-windows-x86_64-gcc10-UCRT, r-patched-solaris-x86, r-release-macos-arm64, r-release-macos-x86_64, r-oldrel-macos-x86_64