Last updated on 2021-11-01 00:49:45 CET.
Flavor | Version | Tinstall | Tcheck | Ttotal | Status | Flags |
---|---|---|---|---|---|---|
r-devel-linux-x86_64-debian-clang | 1.5.3 | 91.84 | 40.00 | 131.84 | OK | |
r-devel-linux-x86_64-debian-gcc | 1.5.3 | 69.49 | 30.44 | 99.93 | OK | |
r-devel-linux-x86_64-fedora-clang | 1.5.3 | 225.77 | NOTE | |||
r-devel-linux-x86_64-fedora-gcc | 1.5.3 | 183.26 | OK | |||
r-devel-windows-x86_64 | 1.5.3 | 123.00 | 54.00 | 177.00 | OK | |
r-devel-windows-x86_64-gcc10-UCRT | 1.5.3 | OK | ||||
r-patched-linux-x86_64 | 1.5.3 | 81.50 | 38.65 | 120.15 | OK | |
r-patched-solaris-x86 | 1.5.3 | 179.50 | OK | |||
r-release-linux-x86_64 | 1.5.3 | 84.92 | 38.87 | 123.79 | OK | |
r-release-macos-arm64 | 1.5.3 | NOTE | ||||
r-release-macos-x86_64 | 1.5.3 | NOTE | ||||
r-release-windows-ix86+x86_64 | 1.5.3 | 173.00 | 72.00 | 245.00 | OK | |
r-oldrel-macos-x86_64 | 1.5.3 | NOTE | ||||
r-oldrel-windows-ix86+x86_64 | 1.5.3 | 177.00 | 87.00 | 264.00 | OK |
Version: 1.5.3
Check: installed package size
Result: NOTE
installed size is 5.3Mb
sub-directories of 1Mb or more:
libs 5.0Mb
Flavors: r-devel-linux-x86_64-fedora-clang, r-release-macos-arm64, r-release-macos-x86_64, r-oldrel-macos-x86_64