Last updated on 2021-11-01 00:49:44 CET.
Flavor | Version | Tinstall | Tcheck | Ttotal | Status | Flags |
---|---|---|---|---|---|---|
r-devel-linux-x86_64-debian-clang | 3.11-6 | 141.97 | 140.14 | 282.11 | OK | |
r-devel-linux-x86_64-debian-gcc | 3.11-6 | 109.22 | 103.25 | 212.47 | OK | |
r-devel-linux-x86_64-fedora-clang | 3.11-6 | 407.15 | NOTE | |||
r-devel-linux-x86_64-fedora-gcc | 3.11-6 | 370.44 | OK | |||
r-devel-windows-x86_64 | 3.11-6 | 191.00 | 138.00 | 329.00 | OK | |
r-devel-windows-x86_64-gcc10-UCRT | 3.11-6 | OK | ||||
r-patched-linux-x86_64 | 3.11-6 | 129.37 | 133.77 | 263.14 | OK | |
r-patched-solaris-x86 | 3.11-6 | 352.70 | OK | |||
r-release-linux-x86_64 | 3.11-6 | 129.41 | 133.56 | 262.97 | OK | |
r-release-macos-arm64 | 3.11-6 | NOTE | ||||
r-release-macos-x86_64 | 3.11-6 | NOTE | ||||
r-release-windows-ix86+x86_64 | 3.11-6 | 254.00 | 165.00 | 419.00 | OK | |
r-oldrel-macos-x86_64 | 3.11-6 | NOTE | ||||
r-oldrel-windows-ix86+x86_64 | 3.11-6 | 246.00 | 221.00 | 467.00 | OK |
Version: 3.11-6
Check: installed package size
Result: NOTE
installed size is 6.9Mb
sub-directories of 1Mb or more:
libs 5.3Mb
Flavors: r-devel-linux-x86_64-fedora-clang, r-release-macos-arm64, r-release-macos-x86_64, r-oldrel-macos-x86_64