CRAN Package Check Results for Package mhazard

Last updated on 2021-11-01 00:49:44 CET.

Flavor Version Tinstall Tcheck Ttotal Status Flags
r-devel-linux-x86_64-debian-clang 0.1.2 54.74 96.62 151.36 NOTE
r-devel-linux-x86_64-debian-gcc 0.1.2 38.79 72.49 111.28 NOTE
r-devel-linux-x86_64-fedora-clang 0.1.2 209.76 NOTE
r-devel-linux-x86_64-fedora-gcc 0.1.2 186.85 NOTE
r-devel-windows-x86_64 0.1.2 66.00 91.00 157.00 NOTE
r-devel-windows-x86_64-gcc10-UCRT 0.1.2 NOTE
r-patched-linux-x86_64 0.1.2 44.55 91.44 135.99 NOTE
r-patched-solaris-x86 0.1.2 256.60 NOTE
r-release-linux-x86_64 0.1.2 47.07 91.83 138.90 NOTE
r-release-macos-arm64 0.1.2 NOTE
r-release-macos-x86_64 0.1.2 NOTE
r-release-windows-ix86+x86_64 0.1.2 96.00 139.00 235.00 NOTE
r-oldrel-macos-x86_64 0.1.2 OK
r-oldrel-windows-ix86+x86_64 0.1.2 97.00 182.00 279.00 OK

Check Details

Version: 0.1.2
Check: LazyData
Result: NOTE
     'LazyData' is specified without a 'data' directory
Flavors: r-devel-linux-x86_64-debian-clang, r-devel-linux-x86_64-debian-gcc, r-devel-linux-x86_64-fedora-clang, r-devel-linux-x86_64-fedora-gcc, r-devel-windows-x86_64, r-devel-windows-x86_64-gcc10-UCRT, r-patched-linux-x86_64, r-patched-solaris-x86, r-release-linux-x86_64, r-release-macos-arm64, r-release-macos-x86_64, r-release-windows-ix86+x86_64