CRAN Package Check Results for Package mgwrsar

Last updated on 2021-11-01 00:49:44 CET.

Flavor Version Tinstall Tcheck Ttotal Status Flags
r-devel-linux-x86_64-debian-clang 0.1-1 75.93 900.90 976.83 OK
r-devel-linux-x86_64-debian-gcc 0.1-1 63.84 675.58 739.42 OK
r-devel-linux-x86_64-fedora-clang 0.1-1 1161.29 NOTE
r-devel-linux-x86_64-fedora-gcc 0.1-1 1177.27 OK
r-devel-windows-x86_64 0.1-1 97.00 806.00 903.00 OK
r-devel-windows-x86_64-gcc10-UCRT 0.1-1 OK
r-patched-linux-x86_64 0.1-1 74.49 859.98 934.47 OK
r-patched-solaris-x86 0.1-1 498.50 WARN
r-release-linux-x86_64 0.1-1 70.51 865.30 935.81 OK
r-release-macos-arm64 0.1-1 NOTE
r-release-macos-x86_64 0.1-1 WARN
r-release-windows-ix86+x86_64 0.1-1 121.00 867.00 988.00 OK
r-oldrel-macos-x86_64 0.1-1 WARN
r-oldrel-windows-ix86+x86_64 0.1-1 136.00 1112.00 1248.00 OK

Check Details

Version: 0.1-1
Check: installed package size
Result: NOTE
     installed size is 19.8Mb
     sub-directories of 1Mb or more:
     doc 1.1Mb
     libs 18.2Mb
Flavors: r-devel-linux-x86_64-fedora-clang, r-release-macos-arm64, r-release-macos-x86_64, r-oldrel-macos-x86_64

Version: 0.1-1
Check: Rd cross-references
Result: NOTE
    Undeclared package ‘locfit’ in Rd xrefs
Flavor: r-devel-linux-x86_64-fedora-clang

Version: 0.1-1
Check: re-building of vignette outputs
Result: WARN
    Error(s) in re-building vignettes:
     ...
    --- re-building ‘mgwrsar-basic_examples.Rmd’ using rmarkdown
    Pandoc is required to build R Markdown vignettes but not available. Please make sure it is installed.
    Quitting from lines 91-94 (mgwrsar-basic_examples.Rmd)
    Error: processing vignette 'mgwrsar-basic_examples.Rmd' failed with diagnostics:
    there is no package called 'webshot'
    --- failed re-building ‘mgwrsar-basic_examples.Rmd’
    
    SUMMARY: processing the following file failed:
     ‘mgwrsar-basic_examples.Rmd’
    
    Error: Vignette re-building failed.
    Execution halted
Flavor: r-patched-solaris-x86

Version: 0.1-1
Check: re-building of vignette outputs
Result: WARN
    Error(s) in re-building vignettes:
     ...
    --- re-building ‘mgwrsar-basic_examples.Rmd’ using rmarkdown
    Warning in engine$weave(file, quiet = quiet, encoding = enc) :
     Pandoc (>= 1.12.3) not available. Falling back to R Markdown v1.
    Quitting from lines 91-94 (mgwrsar-basic_examples.Rmd)
    Error: processing vignette 'mgwrsar-basic_examples.Rmd' failed with diagnostics:
    invalid 'path' argument
    --- failed re-building ‘mgwrsar-basic_examples.Rmd’
    
    SUMMARY: processing the following file failed:
     ‘mgwrsar-basic_examples.Rmd’
    
    Error: Vignette re-building failed.
    Execution halted
Flavors: r-release-macos-x86_64, r-oldrel-macos-x86_64