Last updated on 2021-11-01 00:49:44 CET.
Flavor | Version | Tinstall | Tcheck | Ttotal | Status | Flags |
---|---|---|---|---|---|---|
r-devel-linux-x86_64-debian-clang | 1.13.1 | 119.49 | 177.72 | 297.21 | OK | |
r-devel-linux-x86_64-debian-gcc | 1.13.1 | 94.30 | 131.74 | 226.04 | OK | |
r-devel-linux-x86_64-fedora-clang | 1.13.1 | 449.68 | NOTE | |||
r-devel-linux-x86_64-fedora-gcc | 1.13.1 | 417.15 | OK | |||
r-devel-windows-x86_64 | 1.13.1 | 167.00 | 158.00 | 325.00 | OK | |
r-devel-windows-x86_64-gcc10-UCRT | 1.13.1 | OK | ||||
r-patched-linux-x86_64 | 1.13.1 | 115.20 | 173.17 | 288.37 | OK | |
r-patched-solaris-x86 | 1.13.1 | 387.30 | OK | |||
r-release-linux-x86_64 | 1.13.1 | 108.63 | 174.43 | 283.06 | OK | |
r-release-macos-arm64 | 1.13.1 | NOTE | ||||
r-release-macos-x86_64 | 1.13.1 | NOTE | ||||
r-release-windows-ix86+x86_64 | 1.13.1 | 190.00 | 174.00 | 364.00 | OK | |
r-oldrel-macos-x86_64 | 1.13.1 | NOTE | ||||
r-oldrel-windows-ix86+x86_64 | 1.13.1 | 184.00 | 237.00 | 421.00 | OK |
Version: 1.13.1
Check: installed package size
Result: NOTE
installed size is 7.5Mb
sub-directories of 1Mb or more:
libs 5.8Mb
Flavors: r-devel-linux-x86_64-fedora-clang, r-release-macos-arm64, r-release-macos-x86_64, r-oldrel-macos-x86_64
Version: 1.13.1
Check: Rd cross-references
Result: NOTE
Undeclared packages ‘hoa’, ‘evir’ in Rd xrefs
Flavor: r-devel-linux-x86_64-fedora-clang