CRAN Package Check Results for Package metaplot

Last updated on 2021-11-01 00:49:44 CET.

Flavor Version Tinstall Tcheck Ttotal Status Flags
r-devel-linux-x86_64-debian-clang 0.8.3 9.70 95.77 105.47 NOTE
r-devel-linux-x86_64-debian-gcc 0.8.3 6.52 70.42 76.94 NOTE
r-devel-linux-x86_64-fedora-clang 0.8.3 132.85 NOTE
r-devel-linux-x86_64-fedora-gcc 0.8.3 118.87 NOTE
r-devel-windows-x86_64 0.8.3 15.00 91.00 106.00 NOTE
r-devel-windows-x86_64-gcc10-UCRT 0.8.3 NOTE
r-patched-linux-x86_64 0.8.3 8.63 89.02 97.65 NOTE
r-patched-solaris-x86 0.8.3 156.50 NOTE
r-release-linux-x86_64 0.8.3 7.50 89.61 97.11 NOTE
r-release-macos-arm64 0.8.3 NOTE
r-release-macos-x86_64 0.8.3 NOTE
r-release-windows-ix86+x86_64 0.8.3 14.00 84.00 98.00 NOTE
r-oldrel-macos-x86_64 0.8.3 OK
r-oldrel-windows-ix86+x86_64 0.8.3 15.00 107.00 122.00 OK

Check Details

Version: 0.8.3
Check: LazyData
Result: NOTE
     'LazyData' is specified without a 'data' directory
Flavors: r-devel-linux-x86_64-debian-clang, r-devel-linux-x86_64-debian-gcc, r-devel-linux-x86_64-fedora-clang, r-devel-linux-x86_64-fedora-gcc, r-devel-windows-x86_64, r-devel-windows-x86_64-gcc10-UCRT, r-patched-linux-x86_64, r-patched-solaris-x86, r-release-linux-x86_64, r-release-macos-arm64, r-release-macos-x86_64, r-release-windows-ix86+x86_64