Last updated on 2021-11-01 00:49:44 CET.
Flavor | Version | Tinstall | Tcheck | Ttotal | Status | Flags |
---|---|---|---|---|---|---|
r-devel-linux-x86_64-debian-clang | 0.2-3 | 9.23 | 209.40 | 218.63 | NOTE | |
r-devel-linux-x86_64-debian-gcc | 0.2-3 | 7.61 | 155.94 | 163.55 | NOTE | |
r-devel-linux-x86_64-fedora-clang | 0.2-3 | 269.48 | NOTE | |||
r-devel-linux-x86_64-fedora-gcc | 0.2-3 | 261.79 | NOTE | |||
r-devel-windows-x86_64 | 0.2-3 | 16.00 | 230.00 | 246.00 | NOTE | |
r-devel-windows-x86_64-gcc10-UCRT | 0.2-3 | NOTE | ||||
r-patched-linux-x86_64 | 0.2-3 | 15.36 | 205.71 | 221.07 | NOTE | |
r-patched-solaris-x86 | 0.2-3 | 439.80 | NOTE | |||
r-release-linux-x86_64 | 0.2-3 | 9.57 | 206.05 | 215.62 | NOTE | |
r-release-macos-arm64 | 0.2-3 | NOTE | ||||
r-release-macos-x86_64 | 0.2-3 | NOTE | ||||
r-release-windows-ix86+x86_64 | 0.2-3 | 17.00 | 224.00 | 241.00 | NOTE | |
r-oldrel-macos-x86_64 | 0.2-3 | OK | ||||
r-oldrel-windows-ix86+x86_64 | 0.2-3 | 16.00 | 283.00 | 299.00 | OK |
Version: 0.2-3
Check: LazyData
Result: NOTE
'LazyData' is specified without a 'data' directory
Flavors: r-devel-linux-x86_64-debian-clang, r-devel-linux-x86_64-debian-gcc, r-devel-linux-x86_64-fedora-clang, r-devel-linux-x86_64-fedora-gcc, r-devel-windows-x86_64, r-devel-windows-x86_64-gcc10-UCRT, r-patched-linux-x86_64, r-patched-solaris-x86, r-release-linux-x86_64, r-release-macos-arm64, r-release-macos-x86_64, r-release-windows-ix86+x86_64