CRAN Package Check Results for Package meaRtools

Last updated on 2021-11-01 00:49:44 CET.

Flavor Version Tinstall Tcheck Ttotal Status Flags
r-devel-linux-x86_64-debian-clang 1.0.4 44.85 471.54 516.39 OK
r-devel-linux-x86_64-debian-gcc 1.0.4 32.54 329.97 362.51 OK
r-devel-linux-x86_64-fedora-clang 1.0.4 628.89 OK
r-devel-linux-x86_64-fedora-gcc 1.0.4 608.61 OK
r-devel-windows-x86_64 1.0.4 59.00 320.00 379.00 OK
r-devel-windows-x86_64-gcc10-UCRT 1.0.4 OK
r-patched-linux-x86_64 1.0.4 42.02 437.69 479.71 OK
r-patched-solaris-x86 1.0.4 229.50 OK
r-release-linux-x86_64 1.0.4 37.86 437.59 475.45 OK
r-release-macos-arm64 1.0.4 NOTE
r-release-macos-x86_64 1.0.4 OK
r-release-windows-ix86+x86_64 1.0.4 75.00 342.00 417.00 NOTE
r-oldrel-macos-x86_64 1.0.4 OK
r-oldrel-windows-ix86+x86_64 1.0.4 78.00 518.00 596.00 NOTE

Additional issues

donttest

Check Details

Version: 1.0.4
Check: installed package size
Result: NOTE
     installed size is 5.2Mb
     sub-directories of 1Mb or more:
     extdata 2.6Mb
     libs 1.3Mb
Flavors: r-release-macos-arm64, r-release-windows-ix86+x86_64, r-oldrel-windows-ix86+x86_64