Last updated on 2021-11-01 00:49:44 CET.
Flavor | Version | Tinstall | Tcheck | Ttotal | Status | Flags |
---|---|---|---|---|---|---|
r-devel-linux-x86_64-debian-clang | 0.1.0 | 2.38 | 25.93 | 28.31 | NOTE | |
r-devel-linux-x86_64-debian-gcc | 0.1.0 | 1.81 | 20.32 | 22.13 | NOTE | |
r-devel-linux-x86_64-fedora-clang | 0.1.0 | 45.58 | NOTE | |||
r-devel-linux-x86_64-fedora-gcc | 0.1.0 | 33.70 | NOTE | |||
r-devel-windows-x86_64 | 0.1.0 | 5.00 | 31.00 | 36.00 | NOTE | |
r-devel-windows-x86_64-gcc10-UCRT | 0.1.0 | NOTE | ||||
r-patched-linux-x86_64 | 0.1.0 | 1.70 | 24.79 | 26.49 | NOTE | |
r-patched-solaris-x86 | 0.1.0 | 53.80 | NOTE | |||
r-release-linux-x86_64 | 0.1.0 | 2.39 | 24.79 | 27.18 | NOTE | |
r-release-macos-arm64 | 0.1.0 | NOTE | ||||
r-release-macos-x86_64 | 0.1.0 | NOTE | ||||
r-release-windows-ix86+x86_64 | 0.1.0 | 6.00 | 34.00 | 40.00 | NOTE | |
r-oldrel-macos-x86_64 | 0.1.0 | OK | ||||
r-oldrel-windows-ix86+x86_64 | 0.1.0 | 5.00 | 44.00 | 49.00 | OK |
Version: 0.1.0
Check: LazyData
Result: NOTE
'LazyData' is specified without a 'data' directory
Flavors: r-devel-linux-x86_64-debian-clang, r-devel-linux-x86_64-debian-gcc, r-devel-linux-x86_64-fedora-clang, r-devel-linux-x86_64-fedora-gcc, r-devel-windows-x86_64, r-devel-windows-x86_64-gcc10-UCRT, r-patched-linux-x86_64, r-patched-solaris-x86, r-release-linux-x86_64, r-release-macos-arm64, r-release-macos-x86_64, r-release-windows-ix86+x86_64