CRAN Package Check Results for Package mbest

Last updated on 2021-11-01 00:49:44 CET.

Flavor Version Tinstall Tcheck Ttotal Status Flags
r-devel-linux-x86_64-debian-clang 0.6 11.60 197.54 209.14 NOTE
r-devel-linux-x86_64-debian-gcc 0.6 10.53 147.99 158.52 NOTE
r-devel-linux-x86_64-fedora-clang 0.6 256.05 NOTE
r-devel-linux-x86_64-fedora-gcc 0.6 244.34 NOTE
r-devel-windows-x86_64 0.6 20.00 187.00 207.00 NOTE
r-devel-windows-x86_64-gcc10-UCRT 0.6 NOTE
r-patched-linux-x86_64 0.6 13.66 191.37 205.03 NOTE
r-patched-solaris-x86 0.6 320.50 NOTE
r-release-linux-x86_64 0.6 13.04 190.80 203.84 NOTE
r-release-macos-arm64 0.6 NOTE
r-release-macos-x86_64 0.6 NOTE
r-release-windows-ix86+x86_64 0.6 20.00 286.00 306.00 NOTE
r-oldrel-macos-x86_64 0.6 OK
r-oldrel-windows-ix86+x86_64 0.6 21.00 394.00 415.00 OK

Check Details

Version: 0.6
Check: LazyData
Result: NOTE
     'LazyData' is specified without a 'data' directory
Flavors: r-devel-linux-x86_64-debian-clang, r-devel-linux-x86_64-debian-gcc, r-devel-linux-x86_64-fedora-clang, r-devel-linux-x86_64-fedora-gcc, r-devel-windows-x86_64, r-devel-windows-x86_64-gcc10-UCRT, r-patched-linux-x86_64, r-patched-solaris-x86, r-release-linux-x86_64, r-release-macos-arm64, r-release-macos-x86_64, r-release-windows-ix86+x86_64

Version: 0.6
Check: Rd cross-references
Result: NOTE
    Undeclared packages ‘logistf’, ‘brglm’ in Rd xrefs
Flavor: r-devel-linux-x86_64-fedora-clang