CRAN Package Check Results for Package mazeGen

Last updated on 2021-11-01 00:49:44 CET.

Flavor Version Tinstall Tcheck Ttotal Status Flags
r-devel-linux-x86_64-debian-clang 0.1.3 5.19 42.35 47.54 NOTE
r-devel-linux-x86_64-debian-gcc 0.1.3 3.97 32.77 36.74 NOTE
r-devel-linux-x86_64-fedora-clang 0.1.3 67.95 NOTE
r-devel-linux-x86_64-fedora-gcc 0.1.3 56.09 NOTE
r-devel-windows-x86_64 0.1.3 8.00 51.00 59.00 OK
r-devel-windows-x86_64-gcc10-UCRT 0.1.3 OK
r-patched-linux-x86_64 0.1.3 5.63 40.89 46.52 NOTE
r-patched-solaris-x86 0.1.3 78.20 NOTE
r-release-linux-x86_64 0.1.3 4.82 40.77 45.59 NOTE
r-release-macos-arm64 0.1.3 OK
r-release-macos-x86_64 0.1.3 OK
r-release-windows-ix86+x86_64 0.1.3 8.00 54.00 62.00 OK
r-oldrel-macos-x86_64 0.1.3 OK
r-oldrel-windows-ix86+x86_64 0.1.3 7.00 74.00 81.00 OK

Check Details

Version: 0.1.3
Check: for non-standard things in the check directory
Result: NOTE
    Found the following files/directories:
     'map_5.png' 'maze_5.html'
Flavors: r-devel-linux-x86_64-debian-clang, r-devel-linux-x86_64-debian-gcc, r-devel-linux-x86_64-fedora-clang, r-devel-linux-x86_64-fedora-gcc, r-patched-linux-x86_64, r-patched-solaris-x86, r-release-linux-x86_64