CRAN Package Check Results for Package mau

Last updated on 2021-11-01 00:49:44 CET.

Flavor Version Tinstall Tcheck Ttotal Status Flags
r-devel-linux-x86_64-debian-clang 0.1.2 5.92 69.06 74.98 NOTE
r-devel-linux-x86_64-debian-gcc 0.1.2 4.69 50.73 55.42 NOTE
r-devel-linux-x86_64-fedora-clang 0.1.2 101.49 NOTE
r-devel-linux-x86_64-fedora-gcc 0.1.2 86.96 NOTE
r-devel-windows-x86_64 0.1.2 12.00 75.00 87.00 OK
r-devel-windows-x86_64-gcc10-UCRT 0.1.2 OK
r-patched-linux-x86_64 0.1.2 6.48 63.60 70.08 NOTE
r-patched-solaris-x86 0.1.2 116.10 NOTE
r-release-linux-x86_64 0.1.2 5.13 62.33 67.46 NOTE
r-release-macos-arm64 0.1.2 OK
r-release-macos-x86_64 0.1.2 OK
r-release-windows-ix86+x86_64 0.1.2 12.00 67.00 79.00 OK
r-oldrel-macos-x86_64 0.1.2 OK
r-oldrel-windows-ix86+x86_64 0.1.2 10.00 91.00 101.00 OK

Check Details

Version: 0.1.2
Check: for non-standard things in the check directory
Result: NOTE
    Found the following files/directories:
     'utilities.R'
Flavors: r-devel-linux-x86_64-debian-clang, r-devel-linux-x86_64-debian-gcc, r-devel-linux-x86_64-fedora-clang, r-devel-linux-x86_64-fedora-gcc, r-patched-linux-x86_64, r-patched-solaris-x86, r-release-linux-x86_64