Last updated on 2021-11-01 00:49:44 CET.
Flavor | Version | Tinstall | Tcheck | Ttotal | Status | Flags |
---|---|---|---|---|---|---|
r-devel-linux-x86_64-debian-clang | 0.1.1 | 1.88 | 19.66 | 21.54 | NOTE | |
r-devel-linux-x86_64-debian-gcc | 0.1.1 | 1.72 | 15.74 | 17.46 | NOTE | |
r-devel-linux-x86_64-fedora-clang | 0.1.1 | 39.15 | NOTE | |||
r-devel-linux-x86_64-fedora-gcc | 0.1.1 | 27.08 | NOTE | |||
r-devel-windows-x86_64 | 0.1.1 | 3.00 | 28.00 | 31.00 | NOTE | |
r-devel-windows-x86_64-gcc10-UCRT | 0.1.1 | NOTE | ||||
r-patched-linux-x86_64 | 0.1.1 | 2.19 | 19.34 | 21.53 | NOTE | |
r-patched-solaris-x86 | 0.1.1 | 42.90 | NOTE | |||
r-release-linux-x86_64 | 0.1.1 | 1.88 | 19.56 | 21.44 | NOTE | |
r-release-macos-arm64 | 0.1.1 | NOTE | ||||
r-release-macos-x86_64 | 0.1.1 | NOTE | ||||
r-release-windows-ix86+x86_64 | 0.1.1 | 4.00 | 26.00 | 30.00 | NOTE | |
r-oldrel-macos-x86_64 | 0.1.1 | NOTE | ||||
r-oldrel-windows-ix86+x86_64 | 0.1.1 | 3.00 | 39.00 | 42.00 | NOTE |
Version: 0.1.1
Check: package dependencies
Result: NOTE
Package suggested but not available for checking: 'gputools'
Flavors: r-devel-linux-x86_64-debian-clang, r-devel-linux-x86_64-debian-gcc, r-devel-linux-x86_64-fedora-clang, r-devel-linux-x86_64-fedora-gcc, r-devel-windows-x86_64, r-devel-windows-x86_64-gcc10-UCRT, r-patched-linux-x86_64, r-patched-solaris-x86, r-release-linux-x86_64, r-release-macos-arm64, r-release-macos-x86_64, r-release-windows-ix86+x86_64, r-oldrel-macos-x86_64, r-oldrel-windows-ix86+x86_64
Version: 0.1.1
Check: dependencies in R code
Result: NOTE
'library' or 'require' call to 'bigmemory' in package code.
Please use :: or requireNamespace() instead.
See section 'Suggested packages' in the 'Writing R Extensions' manual.
Flavors: r-devel-linux-x86_64-debian-clang, r-devel-linux-x86_64-debian-gcc, r-devel-linux-x86_64-fedora-clang, r-devel-linux-x86_64-fedora-gcc, r-devel-windows-x86_64, r-devel-windows-x86_64-gcc10-UCRT, r-patched-linux-x86_64, r-patched-solaris-x86, r-release-linux-x86_64, r-release-macos-arm64, r-release-macos-x86_64, r-release-windows-ix86+x86_64, r-oldrel-macos-x86_64, r-oldrel-windows-ix86+x86_64