CRAN Package Check Results for Package matchingMarkets

Last updated on 2021-11-01 00:49:44 CET.

Flavor Version Tinstall Tcheck Ttotal Status Flags
r-devel-linux-x86_64-debian-clang 1.0-2 193.90 148.52 342.42 OK
r-devel-linux-x86_64-debian-gcc 1.0-2 151.74 111.31 263.05 OK
r-devel-linux-x86_64-fedora-clang 1.0-2 529.60 NOTE
r-devel-linux-x86_64-fedora-gcc 1.0-2 472.47 OK
r-devel-windows-x86_64 1.0-2 253.00 160.00 413.00 NOTE
r-devel-windows-x86_64-gcc10-UCRT 1.0-2 OK
r-patched-linux-x86_64 1.0-2 186.63 143.65 330.28 OK
r-patched-solaris-x86 1.0-2 466.40 NOTE
r-release-linux-x86_64 1.0-2 179.39 141.69 321.08 OK
r-release-macos-arm64 1.0-2 NOTE
r-release-macos-x86_64 1.0-2 NOTE
r-release-windows-ix86+x86_64 1.0-2 372.00 167.00 539.00 NOTE
r-oldrel-macos-x86_64 1.0-2 NOTE
r-oldrel-windows-ix86+x86_64 1.0-2 367.00 222.00 589.00 NOTE

Check Details

Version: 1.0-2
Check: installed package size
Result: NOTE
     installed size is 13.9Mb
     sub-directories of 1Mb or more:
     java 3.3Mb
     libs 9.3Mb
Flavors: r-devel-linux-x86_64-fedora-clang, r-devel-windows-x86_64, r-patched-solaris-x86, r-release-macos-arm64, r-release-macos-x86_64, r-release-windows-ix86+x86_64, r-oldrel-macos-x86_64, r-oldrel-windows-ix86+x86_64