CRAN Package Check Results for Package mastif

Last updated on 2021-11-01 00:49:44 CET.

Flavor Version Tinstall Tcheck Ttotal Status Flags
r-devel-linux-x86_64-debian-clang 1.0.1 57.59 121.21 178.80 NOTE
r-devel-linux-x86_64-debian-gcc 1.0.1 44.96 87.49 132.45 NOTE
r-devel-linux-x86_64-fedora-clang 1.0.1 243.95 NOTE
r-devel-linux-x86_64-fedora-gcc 1.0.1 219.35 NOTE
r-devel-windows-x86_64 1.0.1 82.00 112.00 194.00 NOTE
r-devel-windows-x86_64-gcc10-UCRT 1.0.1 NOTE
r-patched-linux-x86_64 1.0.1 53.41 115.81 169.22 NOTE
r-patched-solaris-x86 1.0.1 229.70 NOTE
r-release-linux-x86_64 1.0.1 54.84 114.17 169.01 NOTE
r-release-macos-arm64 1.0.1 NOTE
r-release-macos-x86_64 1.0.1 NOTE
r-release-windows-ix86+x86_64 1.0.1 96.00 118.00 214.00 NOTE
r-oldrel-macos-x86_64 1.0.1 OK
r-oldrel-windows-ix86+x86_64 1.0.1 93.00 158.00 251.00 OK

Check Details

Version: 1.0.1
Check: LazyData
Result: NOTE
     'LazyData' is specified without a 'data' directory
Flavors: r-devel-linux-x86_64-debian-clang, r-devel-linux-x86_64-debian-gcc, r-devel-linux-x86_64-fedora-clang, r-devel-linux-x86_64-fedora-gcc, r-devel-windows-x86_64, r-devel-windows-x86_64-gcc10-UCRT, r-patched-linux-x86_64, r-patched-solaris-x86, r-release-linux-x86_64, r-release-macos-arm64, r-release-macos-x86_64, r-release-windows-ix86+x86_64