CRAN Package Check Results for Package markerpen

Last updated on 2021-11-01 00:49:44 CET.

Flavor Version Tinstall Tcheck Ttotal Status Flags
r-devel-linux-x86_64-debian-clang 0.1.1 56.23 96.58 152.81 OK
r-devel-linux-x86_64-debian-gcc 0.1.1 45.97 69.23 115.20 OK
r-devel-linux-x86_64-fedora-clang 0.1.1 216.53 NOTE
r-devel-linux-x86_64-fedora-gcc 0.1.1 186.23 OK
r-devel-windows-x86_64 0.1.1 75.00 92.00 167.00 NOTE
r-devel-windows-x86_64-gcc10-UCRT 0.1.1 OK
r-patched-linux-x86_64 0.1.1 52.31 83.78 136.09 OK
r-patched-solaris-x86 0.1.1 426.20 OK
r-release-linux-x86_64 0.1.1 51.14 83.95 135.09 OK
r-release-macos-arm64 0.1.1 NOTE
r-release-macos-x86_64 0.1.1 NOTE
r-release-windows-ix86+x86_64 0.1.1 98.00 118.00 216.00 NOTE
r-oldrel-macos-x86_64 0.1.1 NOTE
r-oldrel-windows-ix86+x86_64 0.1.1 101.00 163.00 264.00 NOTE

Check Details

Version: 0.1.1
Check: installed package size
Result: NOTE
     installed size is 14.2Mb
     sub-directories of 1Mb or more:
     examples 2.7Mb
     libs 10.1Mb
Flavors: r-devel-linux-x86_64-fedora-clang, r-devel-windows-x86_64, r-release-macos-arm64, r-release-macos-x86_64, r-release-windows-ix86+x86_64, r-oldrel-macos-x86_64, r-oldrel-windows-ix86+x86_64