Last updated on 2021-11-01 00:49:44 CET.
Flavor | Version | Tinstall | Tcheck | Ttotal | Status | Flags |
---|---|---|---|---|---|---|
r-devel-linux-x86_64-debian-clang | 1.2.6 | 31.86 | 206.20 | 238.06 | OK | |
r-devel-linux-x86_64-debian-gcc | 1.2.6 | 25.76 | 155.97 | 181.73 | OK | |
r-devel-linux-x86_64-fedora-clang | 1.2.6 | 302.95 | NOTE | |||
r-devel-linux-x86_64-fedora-gcc | 1.2.6 | 289.20 | NOTE | |||
r-devel-windows-x86_64 | 1.2.6 | 53.00 | 203.00 | 256.00 | OK | |
r-devel-windows-x86_64-gcc10-UCRT | 1.2.6 | NOTE | ||||
r-patched-linux-x86_64 | 1.2.6 | 32.33 | 196.01 | 228.34 | OK | |
r-patched-solaris-x86 | 1.2.6 | 247.50 | NOTE | |||
r-release-linux-x86_64 | 1.2.6 | 30.77 | 195.73 | 226.50 | OK | |
r-release-macos-arm64 | 1.2.6 | NOTE | ||||
r-release-macos-x86_64 | 1.2.6 | NOTE | ||||
r-release-windows-ix86+x86_64 | 1.2.6 | 60.00 | 213.00 | 273.00 | OK | |
r-oldrel-macos-x86_64 | 1.2.6 | NOTE | ||||
r-oldrel-windows-ix86+x86_64 | 1.2.6 | 60.00 | 290.00 | 350.00 | OK |
Version: 1.2.6
Check: dependencies in R code
Result: NOTE
Namespaces in Imports field not imported from:
‘bookdown’ ‘kableExtra’ ‘knitr’
All declared Imports should be used.
Flavors: r-devel-linux-x86_64-fedora-clang, r-devel-linux-x86_64-fedora-gcc, r-devel-windows-x86_64-gcc10-UCRT, r-patched-solaris-x86, r-release-macos-arm64, r-release-macos-x86_64, r-oldrel-macos-x86_64