CRAN Package Check Results for Package maptools

Last updated on 2021-11-01 00:49:44 CET.

Flavor Version Tinstall Tcheck Ttotal Status Flags
r-devel-linux-x86_64-debian-clang 1.1-2 17.57 143.24 160.81 OK
r-devel-linux-x86_64-debian-gcc 1.1-2 14.41 107.19 121.60 OK
r-devel-linux-x86_64-fedora-clang 1.1-2 206.39 OK
r-devel-linux-x86_64-fedora-gcc 1.1-2 194.23 OK
r-devel-windows-x86_64 1.1-2 35.00 172.00 207.00 OK
r-devel-windows-x86_64-gcc10-UCRT 1.1-2 OK
r-patched-linux-x86_64 1.1-2 18.35 137.58 155.93 OK
r-patched-solaris-x86 1.1-2 253.00 OK
r-release-linux-x86_64 1.1-2 15.76 136.98 152.74 OK
r-release-macos-arm64 1.1-2 OK
r-release-macos-x86_64 1.1-2 NOTE
r-release-windows-ix86+x86_64 1.1-2 47.00 236.00 283.00 OK
r-oldrel-macos-x86_64 1.1-2 OK
r-oldrel-windows-ix86+x86_64 1.1-2 54.00 330.00 384.00 OK

Check Details

Version: 1.1-2
Check: Rd cross-references
Result: NOTE
    Package unavailable to check Rd xrefs: ‘rgeos’
Flavor: r-release-macos-x86_64