Last updated on 2021-11-01 00:49:44 CET.
Flavor | Version | Tinstall | Tcheck | Ttotal | Status | Flags |
---|---|---|---|---|---|---|
r-devel-linux-x86_64-debian-clang | 0.3.4 | 299.25 | 54.18 | 353.43 | OK | |
r-devel-linux-x86_64-debian-gcc | 0.3.4 | 262.66 | 42.12 | 304.78 | OK | |
r-devel-linux-x86_64-fedora-clang | 0.3.4 | 522.67 | NOTE | |||
r-devel-linux-x86_64-fedora-gcc | 0.3.4 | 557.18 | OK | |||
r-devel-windows-x86_64 | 0.3.4 | 332.00 | 75.00 | 407.00 | NOTE | |
r-devel-windows-x86_64-gcc10-UCRT | 0.3.4 | OK | ||||
r-patched-linux-x86_64 | 0.3.4 | 297.25 | 53.12 | 350.37 | OK | |
r-patched-solaris-x86 | 0.3.4 | 395.10 | NOTE | |||
r-release-linux-x86_64 | 0.3.4 | 294.81 | 52.69 | 347.50 | OK | |
r-release-macos-arm64 | 0.3.4 | NOTE | ||||
r-release-macos-x86_64 | 0.3.4 | NOTE | ||||
r-release-windows-ix86+x86_64 | 0.3.4 | 490.00 | 98.00 | 588.00 | NOTE | |
r-oldrel-macos-x86_64 | 0.3.4 | NOTE | ||||
r-oldrel-windows-ix86+x86_64 | 0.3.4 | 499.00 | 130.00 | 629.00 | NOTE |
Version: 0.3.4
Check: installed package size
Result: NOTE
installed size is 35.2Mb
sub-directories of 1Mb or more:
data 1.3Mb
doc 1.6Mb
htmlwidgets 2.3Mb
libs 29.6Mb
Flavors: r-devel-linux-x86_64-fedora-clang, r-devel-windows-x86_64, r-patched-solaris-x86, r-release-macos-arm64, r-release-macos-x86_64, r-release-windows-ix86+x86_64, r-oldrel-macos-x86_64, r-oldrel-windows-ix86+x86_64