Last updated on 2021-11-01 00:49:44 CET.
Flavor | Version | Tinstall | Tcheck | Ttotal | Status | Flags |
---|---|---|---|---|---|---|
r-devel-linux-x86_64-debian-clang | 0.2.2 | 118.62 | 86.76 | 205.38 | OK | |
r-devel-linux-x86_64-debian-gcc | 0.2.2 | 90.81 | 67.47 | 158.28 | OK | |
r-devel-linux-x86_64-fedora-clang | 0.2.2 | 311.45 | NOTE | |||
r-devel-linux-x86_64-fedora-gcc | 0.2.2 | 229.58 | OK | |||
r-devel-windows-x86_64 | 0.2.2 | 132.00 | 93.00 | 225.00 | OK | |
r-devel-windows-x86_64-gcc10-UCRT | 0.2.2 | OK | ||||
r-patched-linux-x86_64 | 0.2.2 | 102.13 | 84.85 | 186.98 | OK | |
r-patched-solaris-x86 | 0.2.2 | 270.70 | OK | |||
r-release-linux-x86_64 | 0.2.2 | 110.33 | 84.84 | 195.17 | OK | |
r-release-macos-arm64 | 0.2.2 | NOTE | ||||
r-release-macos-x86_64 | 0.2.2 | NOTE | ||||
r-release-windows-ix86+x86_64 | 0.2.2 | 226.00 | 136.00 | 362.00 | OK | |
r-oldrel-macos-x86_64 | 0.2.2 | NOTE | ||||
r-oldrel-windows-ix86+x86_64 | 0.2.2 | 228.00 | 143.00 | 371.00 | OK |
Version: 0.2.2
Check: installed package size
Result: NOTE
installed size is 5.8Mb
sub-directories of 1Mb or more:
libs 5.5Mb
Flavors: r-devel-linux-x86_64-fedora-clang, r-release-macos-arm64, r-release-macos-x86_64, r-oldrel-macos-x86_64