CRAN Package Check Results for Package maczic

Last updated on 2021-11-01 00:49:44 CET.

Flavor Version Tinstall Tcheck Ttotal Status Flags
r-devel-linux-x86_64-debian-clang 0.2.0 19.98 160.83 180.81 OK
r-devel-linux-x86_64-debian-gcc 0.2.0 20.46 134.18 154.64 OK
r-devel-linux-x86_64-fedora-clang 0.2.0 259.78 NOTE
r-devel-linux-x86_64-fedora-gcc 0.2.0 209.67 NOTE
r-devel-windows-x86_64 0.2.0 33.00 129.00 162.00 OK
r-devel-windows-x86_64-gcc10-UCRT 0.2.0 NOTE
r-patched-linux-x86_64 0.2.0 25.74 150.00 175.74 OK
r-patched-solaris-x86 0.2.0 281.80 NOTE
r-release-linux-x86_64 0.2.0 25.59 172.97 198.56 OK
r-release-macos-arm64 0.2.0 NOTE
r-release-macos-x86_64 0.2.0 NOTE
r-release-windows-ix86+x86_64 0.2.0 36.00 133.00 169.00 OK
r-oldrel-macos-x86_64 0.2.0 NOTE
r-oldrel-windows-ix86+x86_64 0.2.0 32.00 183.00 215.00 OK

Check Details

Version: 0.2.0
Check: dependencies in R code
Result: NOTE
    Namespace in Imports field not imported from: ‘mathjaxr’
     All declared Imports should be used.
Flavors: r-devel-linux-x86_64-fedora-clang, r-devel-linux-x86_64-fedora-gcc, r-devel-windows-x86_64-gcc10-UCRT, r-patched-solaris-x86, r-release-macos-arm64, r-release-macos-x86_64, r-oldrel-macos-x86_64