CRAN Package Check Results for Package maat

Last updated on 2021-11-01 00:49:44 CET.

Flavor Version Tinstall Tcheck Ttotal Status Flags
r-devel-linux-x86_64-debian-clang 1.0.2 10.68 153.01 163.69 OK
r-devel-linux-x86_64-debian-gcc 1.0.2 9.24 120.63 129.87 OK
r-devel-linux-x86_64-fedora-clang 1.0.2 204.39 NOTE
r-devel-linux-x86_64-fedora-gcc 1.0.2 200.89 NOTE
r-devel-windows-x86_64 1.0.2 22.00 156.00 178.00 OK
r-devel-windows-x86_64-gcc10-UCRT 1.0.2 NOTE
r-patched-linux-x86_64 1.0.2 16.33 153.41 169.74 OK
r-patched-solaris-x86 1.0.2 125.60 NOTE
r-release-linux-x86_64 1.0.2 11.51 151.32 162.83 OK
r-release-macos-arm64 1.0.2 NOTE
r-release-macos-x86_64 1.0.2 NOTE
r-release-windows-ix86+x86_64 1.0.2 16.00 147.00 163.00 OK
r-oldrel-macos-x86_64 1.0.2 NOTE
r-oldrel-windows-ix86+x86_64 1.0.2 16.00 203.00 219.00 OK

Check Details

Version: 1.0.2
Check: dependencies in R code
Result: NOTE
    Namespace in Imports field not imported from: ‘Rdpack’
     All declared Imports should be used.
Flavors: r-devel-linux-x86_64-fedora-clang, r-devel-linux-x86_64-fedora-gcc, r-devel-windows-x86_64-gcc10-UCRT, r-patched-solaris-x86, r-release-macos-arm64, r-release-macos-x86_64, r-oldrel-macos-x86_64