Last updated on 2021-11-01 00:49:44 CET.
Flavor | Version | Tinstall | Tcheck | Ttotal | Status | Flags |
---|---|---|---|---|---|---|
r-devel-linux-x86_64-debian-clang | 0.2.0 | 9.37 | 41.56 | 50.93 | OK | |
r-devel-linux-x86_64-debian-gcc | 0.2.0 | 8.69 | 32.87 | 41.56 | OK | |
r-devel-linux-x86_64-fedora-clang | 0.2.0 | 75.37 | NOTE | |||
r-devel-linux-x86_64-fedora-gcc | 0.2.0 | 63.32 | NOTE | |||
r-devel-windows-x86_64 | 0.2.0 | 15.00 | 56.00 | 71.00 | OK | |
r-devel-windows-x86_64-gcc10-UCRT | 0.2.0 | NOTE | ||||
r-patched-linux-x86_64 | 0.2.0 | 14.27 | 41.40 | 55.67 | OK | |
r-patched-solaris-x86 | 0.2.0 | 89.70 | NOTE | |||
r-release-linux-x86_64 | 0.2.0 | 10.18 | 41.51 | 51.69 | OK | |
r-release-macos-arm64 | 0.2.0 | NOTE | ||||
r-release-macos-x86_64 | 0.2.0 | NOTE | ||||
r-release-windows-ix86+x86_64 | 0.2.0 | 13.00 | 47.00 | 60.00 | OK | |
r-oldrel-macos-x86_64 | 0.2.0 | NOTE | ||||
r-oldrel-windows-ix86+x86_64 | 0.2.0 | 14.00 | 64.00 | 78.00 | OK |
Version: 0.2.0
Check: dependencies in R code
Result: NOTE
Namespaces in Imports field not imported from:
‘fs’ ‘progress’
All declared Imports should be used.
Flavors: r-devel-linux-x86_64-fedora-clang, r-devel-linux-x86_64-fedora-gcc, r-devel-windows-x86_64-gcc10-UCRT, r-patched-solaris-x86, r-release-macos-arm64, r-release-macos-x86_64, r-oldrel-macos-x86_64