CRAN Package Check Results for Package lrequire

Last updated on 2021-11-01 00:49:44 CET.

Flavor Version Tinstall Tcheck Ttotal Status Flags
r-devel-linux-x86_64-debian-clang 0.1.3 1.82 21.07 22.89 NOTE
r-devel-linux-x86_64-debian-gcc 0.1.3 1.57 16.90 18.47 NOTE
r-devel-linux-x86_64-fedora-clang 0.1.3 40.94 NOTE
r-devel-linux-x86_64-fedora-gcc 0.1.3 28.62 NOTE
r-devel-windows-x86_64 0.1.3 3.00 31.00 34.00 NOTE
r-devel-windows-x86_64-gcc10-UCRT 0.1.3 NOTE
r-patched-linux-x86_64 0.1.3 2.13 20.83 22.96 NOTE
r-patched-solaris-x86 0.1.3 46.00 NOTE
r-release-linux-x86_64 0.1.3 1.71 20.87 22.58 NOTE
r-release-macos-arm64 0.1.3 NOTE
r-release-macos-x86_64 0.1.3 NOTE
r-release-windows-ix86+x86_64 0.1.3 3.00 30.00 33.00 NOTE
r-oldrel-macos-x86_64 0.1.3 OK
r-oldrel-windows-ix86+x86_64 0.1.3 4.00 38.00 42.00 OK

Check Details

Version: 0.1.3
Check: LazyData
Result: NOTE
     'LazyData' is specified without a 'data' directory
Flavors: r-devel-linux-x86_64-debian-clang, r-devel-linux-x86_64-debian-gcc, r-devel-linux-x86_64-fedora-clang, r-devel-linux-x86_64-fedora-gcc, r-devel-windows-x86_64, r-devel-windows-x86_64-gcc10-UCRT, r-patched-linux-x86_64, r-patched-solaris-x86, r-release-linux-x86_64, r-release-macos-arm64, r-release-macos-x86_64, r-release-windows-ix86+x86_64