Last updated on 2021-11-01 00:49:44 CET.
Flavor | Version | Tinstall | Tcheck | Ttotal | Status | Flags |
---|---|---|---|---|---|---|
r-devel-linux-x86_64-debian-clang | 1.1.2 | 137.55 | 43.01 | 180.56 | OK | |
r-devel-linux-x86_64-debian-gcc | 1.1.2 | 107.64 | 32.69 | 140.33 | OK | |
r-devel-linux-x86_64-fedora-clang | 1.1.2 | 306.86 | NOTE | |||
r-devel-linux-x86_64-fedora-gcc | 1.1.2 | 259.92 | OK | |||
r-devel-windows-x86_64 | 1.1.2 | 184.00 | 63.00 | 247.00 | OK | |
r-devel-windows-x86_64-gcc10-UCRT | 1.1.2 | OK | ||||
r-patched-linux-x86_64 | 1.1.2 | 124.90 | 42.85 | 167.75 | OK | |
r-patched-solaris-x86 | 1.1.2 | 233.10 | OK | |||
r-release-linux-x86_64 | 1.1.2 | 122.61 | 41.97 | 164.58 | OK | |
r-release-macos-arm64 | 1.1.2 | NOTE | ||||
r-release-macos-x86_64 | 1.1.2 | NOTE | ||||
r-release-windows-ix86+x86_64 | 1.1.2 | 264.00 | 83.00 | 347.00 | OK | |
r-oldrel-macos-x86_64 | 1.1.2 | NOTE | ||||
r-oldrel-windows-ix86+x86_64 | 1.1.2 | 257.00 | 111.00 | 368.00 | OK |
Version: 1.1.2
Check: installed package size
Result: NOTE
installed size is 6.4Mb
sub-directories of 1Mb or more:
libs 6.2Mb
Flavors: r-devel-linux-x86_64-fedora-clang, r-release-macos-arm64, r-release-macos-x86_64, r-oldrel-macos-x86_64