Last updated on 2021-11-01 00:49:43 CET.
Flavor | Version | Tinstall | Tcheck | Ttotal | Status | Flags |
---|---|---|---|---|---|---|
r-devel-linux-x86_64-debian-clang | 0.3.3 | 1.69 | 20.80 | 22.49 | NOTE | |
r-devel-linux-x86_64-debian-gcc | 0.3.3 | 1.58 | 16.68 | 18.26 | NOTE | |
r-devel-linux-x86_64-fedora-clang | 0.3.3 | 38.53 | NOTE | |||
r-devel-linux-x86_64-fedora-gcc | 0.3.3 | 27.29 | NOTE | |||
r-devel-windows-x86_64 | 0.3.3 | 4.00 | 37.00 | 41.00 | NOTE | |
r-devel-windows-x86_64-gcc10-UCRT | 0.3.3 | NOTE | ||||
r-patched-linux-x86_64 | 0.3.3 | 2.01 | 20.48 | 22.49 | NOTE | |
r-patched-solaris-x86 | 0.3.3 | 42.50 | NOTE | |||
r-release-linux-x86_64 | 0.3.3 | 2.01 | 20.35 | 22.36 | NOTE | |
r-release-macos-arm64 | 0.3.3 | NOTE | ||||
r-release-macos-x86_64 | 0.3.3 | NOTE | ||||
r-release-windows-ix86+x86_64 | 0.3.3 | 3.00 | 37.00 | 40.00 | NOTE | |
r-oldrel-macos-x86_64 | 0.3.3 | OK | ||||
r-oldrel-windows-ix86+x86_64 | 0.3.3 | 4.00 | 48.00 | 52.00 | OK |
Version: 0.3.3
Check: LazyData
Result: NOTE
'LazyData' is specified without a 'data' directory
Flavors: r-devel-linux-x86_64-debian-clang, r-devel-linux-x86_64-debian-gcc, r-devel-linux-x86_64-fedora-clang, r-devel-linux-x86_64-fedora-gcc, r-devel-windows-x86_64, r-devel-windows-x86_64-gcc10-UCRT, r-patched-linux-x86_64, r-patched-solaris-x86, r-release-linux-x86_64, r-release-macos-arm64, r-release-macos-x86_64, r-release-windows-ix86+x86_64