Last updated on 2021-11-01 00:49:43 CET.
Flavor | Version | Tinstall | Tcheck | Ttotal | Status | Flags |
---|---|---|---|---|---|---|
r-devel-linux-x86_64-debian-clang | 2.4.1 | 15.11 | 76.56 | 91.67 | NOTE | |
r-devel-linux-x86_64-debian-gcc | 2.4.1 | 10.69 | 58.69 | 69.38 | NOTE | |
r-devel-linux-x86_64-fedora-clang | 2.4.1 | 125.45 | NOTE | |||
r-devel-linux-x86_64-fedora-gcc | 2.4.1 | 115.36 | NOTE | |||
r-devel-windows-x86_64 | 2.4.1 | 18.00 | 72.00 | 90.00 | OK | |
r-devel-windows-x86_64-gcc10-UCRT | 2.4.1 | OK | ||||
r-patched-linux-x86_64 | 2.4.1 | 15.63 | 75.88 | 91.51 | NOTE | |
r-patched-solaris-x86 | 2.4.1 | 131.30 | NOTE | |||
r-release-linux-x86_64 | 2.4.1 | 13.54 | 76.01 | 89.55 | NOTE | |
r-release-macos-arm64 | 2.4.1 | OK | ||||
r-release-macos-x86_64 | 2.4.1 | OK | ||||
r-release-windows-ix86+x86_64 | 2.4.1 | 14.00 | 65.00 | 79.00 | OK | |
r-oldrel-macos-x86_64 | 2.4.1 | OK | ||||
r-oldrel-windows-ix86+x86_64 | 2.4.1 | 15.00 | 94.00 | 109.00 | OK |
Version: 2.4.1
Check: for non-standard things in the check directory
Result: NOTE
Found the following files/directories:
'main.tex' 'scene.asy'
Flavors: r-devel-linux-x86_64-debian-clang, r-devel-linux-x86_64-debian-gcc, r-devel-linux-x86_64-fedora-clang, r-devel-linux-x86_64-fedora-gcc, r-patched-linux-x86_64, r-patched-solaris-x86, r-release-linux-x86_64