CRAN Package Check Results for Package logisticPCA

Last updated on 2021-11-01 00:49:43 CET.

Flavor Version Tinstall Tcheck Ttotal Status Flags
r-devel-linux-x86_64-debian-clang 0.2 4.23 58.32 62.55 OK
r-devel-linux-x86_64-debian-gcc 0.2 3.06 42.75 45.81 OK
r-devel-linux-x86_64-fedora-clang 0.2 84.26 NOTE
r-devel-linux-x86_64-fedora-gcc 0.2 72.65 NOTE
r-devel-windows-x86_64 0.2 7.00 77.00 84.00 OK
r-devel-windows-x86_64-gcc10-UCRT 0.2 OK
r-patched-linux-x86_64 0.2 4.06 54.12 58.18 OK
r-patched-solaris-x86 0.2 70.70 OK
r-release-linux-x86_64 0.2 4.11 52.90 57.01 OK
r-release-macos-arm64 0.2 OK
r-release-macos-x86_64 0.2 OK
r-release-windows-ix86+x86_64 0.2 7.00 76.00 83.00 OK
r-oldrel-macos-x86_64 0.2 OK
r-oldrel-windows-ix86+x86_64 0.2 7.00 95.00 102.00 OK

Check Details

Version: 0.2
Check: compiled code
Result: NOTE
    File ‘logisticPCA/libs/logisticPCA.so’:
     Found no calls to: ‘R_registerRoutines’, ‘R_useDynamicSymbols’
    
    It is good practice to register native routines and to disable symbol
    search.
    
    See ‘Writing portable packages’ in the ‘Writing R Extensions’ manual.
Flavors: r-devel-linux-x86_64-fedora-clang, r-devel-linux-x86_64-fedora-gcc