CRAN Package Check Results for Package logib

Last updated on 2021-11-01 00:49:43 CET.

Flavor Version Tinstall Tcheck Ttotal Status Flags
r-devel-linux-x86_64-debian-clang 0.1.1 3.02 25.23 28.25 OK
r-devel-linux-x86_64-debian-gcc 0.1.1 2.33 20.11 22.44 OK
r-devel-linux-x86_64-fedora-clang 0.1.1 46.08 NOTE
r-devel-linux-x86_64-fedora-gcc 0.1.1 34.71 NOTE
r-devel-windows-x86_64 0.1.1 6.00 41.00 47.00 OK
r-devel-windows-x86_64-gcc10-UCRT 0.1.1 NOTE
r-patched-linux-x86_64 0.1.1 3.14 24.78 27.92 OK
r-patched-solaris-x86 0.1.1 52.70 NOTE
r-release-linux-x86_64 0.1.1 2.71 24.69 27.40 OK
r-release-macos-arm64 0.1.1 NOTE
r-release-macos-x86_64 0.1.1 NOTE
r-release-windows-ix86+x86_64 0.1.1 4.00 34.00 38.00 OK
r-oldrel-macos-x86_64 0.1.1 NOTE
r-oldrel-windows-ix86+x86_64 0.1.1 5.00 44.00 49.00 OK

Check Details

Version: 0.1.1
Check: data for non-ASCII characters
Result: NOTE
     Note: found 12 marked UTF-8 strings
Flavors: r-devel-linux-x86_64-fedora-clang, r-devel-linux-x86_64-fedora-gcc, r-devel-windows-x86_64-gcc10-UCRT, r-patched-solaris-x86, r-release-macos-arm64, r-release-macos-x86_64, r-oldrel-macos-x86_64