CRAN Package Check Results for Package logKDE

Last updated on 2021-11-01 00:49:43 CET.

Flavor Version Tinstall Tcheck Ttotal Status Flags
r-devel-linux-x86_64-debian-clang 0.3.2 18.54 59.93 78.47 NOTE
r-devel-linux-x86_64-debian-gcc 0.3.2 13.48 47.89 61.37 NOTE
r-devel-linux-x86_64-fedora-clang 0.3.2 115.26 NOTE
r-devel-linux-x86_64-fedora-gcc 0.3.2 99.36 NOTE
r-devel-windows-x86_64 0.3.2 27.00 81.00 108.00 NOTE
r-devel-windows-x86_64-gcc10-UCRT 0.3.2 NOTE
r-patched-linux-x86_64 0.3.2 15.39 61.00 76.39 NOTE
r-patched-solaris-x86 0.3.2 138.70 NOTE
r-release-linux-x86_64 0.3.2 14.96 59.89 74.85 NOTE
r-release-macos-arm64 0.3.2 NOTE
r-release-macos-x86_64 0.3.2 NOTE
r-release-windows-ix86+x86_64 0.3.2 36.00 120.00 156.00 NOTE
r-oldrel-macos-x86_64 0.3.2 OK
r-oldrel-windows-ix86+x86_64 0.3.2 36.00 158.00 194.00 OK

Check Details

Version: 0.3.2
Check: LazyData
Result: NOTE
     'LazyData' is specified without a 'data' directory
Flavors: r-devel-linux-x86_64-debian-clang, r-devel-linux-x86_64-debian-gcc, r-devel-linux-x86_64-fedora-clang, r-devel-linux-x86_64-fedora-gcc, r-devel-windows-x86_64, r-devel-windows-x86_64-gcc10-UCRT, r-patched-linux-x86_64, r-patched-solaris-x86, r-release-linux-x86_64, r-release-macos-arm64, r-release-macos-x86_64, r-release-windows-ix86+x86_64