CRAN Package Check Results for Package locatexec

Last updated on 2021-11-01 00:49:43 CET.

Flavor Version Tinstall Tcheck Ttotal Status Flags
r-devel-linux-x86_64-debian-clang 0.1.1 2.64 26.79 29.43 OK
r-devel-linux-x86_64-debian-gcc 0.1.1 1.91 21.16 23.07 OK
r-devel-linux-x86_64-fedora-clang 0.1.1 46.08 OK
r-devel-linux-x86_64-fedora-gcc 0.1.1 34.52 OK
r-devel-windows-x86_64 0.1.1 4.00 33.00 37.00 OK
r-devel-windows-x86_64-gcc10-UCRT 0.1.1 OK
r-patched-linux-x86_64 0.1.1 2.83 26.27 29.10 OK
r-patched-solaris-x86 0.1.1 57.50 NOTE
r-release-linux-x86_64 0.1.1 2.32 26.23 28.55 OK
r-release-macos-arm64 0.1.1 OK
r-release-macos-x86_64 0.1.1 OK
r-release-windows-ix86+x86_64 0.1.1 6.00 33.00 39.00 OK
r-oldrel-macos-x86_64 0.1.1 OK
r-oldrel-windows-ix86+x86_64 0.1.1 4.00 32.00 36.00 OK

Check Details

Version: 0.1.1
Check: for non-standard things in the check directory
Result: NOTE
    Found the following files/directories:
     ‘core’
Flavor: r-patched-solaris-x86