CRAN Package Check Results for Package lmfor

Last updated on 2021-11-01 00:49:43 CET.

Flavor Version Tinstall Tcheck Ttotal Status Flags
r-devel-linux-x86_64-debian-clang 1.5 12.36 110.64 123.00 NOTE
r-devel-linux-x86_64-debian-gcc 1.5 10.44 84.87 95.31 NOTE
r-devel-linux-x86_64-fedora-clang 1.5 157.49 NOTE
r-devel-linux-x86_64-fedora-gcc 1.5 147.04 NOTE
r-devel-windows-x86_64 1.5 19.00 107.00 126.00 NOTE
r-devel-windows-x86_64-gcc10-UCRT 1.5 NOTE
r-patched-linux-x86_64 1.5 11.66 107.94 119.60 NOTE
r-patched-solaris-x86 1.5 208.90 NOTE
r-release-linux-x86_64 1.5 11.66 106.15 117.81 NOTE
r-release-macos-arm64 1.5 NOTE
r-release-macos-x86_64 1.5 NOTE
r-release-windows-ix86+x86_64 1.5 17.00 106.00 123.00 NOTE
r-oldrel-macos-x86_64 1.5 OK
r-oldrel-windows-ix86+x86_64 1.5 18.00 142.00 160.00 NOTE

Check Details

Version: 1.5
Check: R code for possible problems
Result: NOTE
    HTest: no visible global function definition for 'is.owin'
    HTest: no visible global function definition for 'inside.owin'
    HTest: no visible global function definition for 'area.owin'
    HTest: no visible global function definition for 'union.owin'
    HTest: no visible global function definition for 'intersect.owin'
    HTest: no visible global function definition for 'erosion.owin'
    HTest: no visible global function definition for 'dilation.owin'
    area_esh: no visible global function definition for 'area.owin'
    detectability_cps: no visible global function definition for 'disc'
    detectability_cps: no visible global function definition for
     'intersect.owin'
    detectability_cps: no visible global function definition for 'edges'
    detectability_cps: no visible global function definition for
     'lengths.psp'
    detectability_cps: no visible global function definition for
     'union.owin'
    detectability_cps: no visible global function definition for 'erosion'
    detectability_cps: no visible global function definition for 'dilation'
    gg_wind: no visible global function definition for 'disc'
    gg_wind: no visible global function definition for 'union.owin'
    shades: no visible global function definition for 'owin'
    shades: no visible global function definition for 'union.owin'
    shades: no visible global function definition for 'disc'
    visibility_thinning_cps: no visible global function definition for
     'disc'
    visibility_thinning_cps: no visible global function definition for
     'intersect.owin'
    visibility_thinning_cps: no visible global function definition for
     'inside.owin'
    visibility_thinning_cps: no visible global function definition for
     'union.owin'
    visibility_thinning_cps: no visible global function definition for
     'erosion'
    visibility_thinning_cps: no visible global function definition for
     'dilation'
    Undefined global functions or variables:
     area.owin dilation dilation.owin disc edges erosion erosion.owin
     inside.owin intersect.owin is.owin lengths.psp owin union.owin
Flavors: r-devel-linux-x86_64-debian-clang, r-devel-linux-x86_64-debian-gcc, r-devel-linux-x86_64-fedora-clang, r-devel-linux-x86_64-fedora-gcc, r-devel-windows-x86_64, r-devel-windows-x86_64-gcc10-UCRT, r-patched-linux-x86_64, r-patched-solaris-x86, r-release-linux-x86_64, r-release-macos-arm64, r-release-macos-x86_64, r-release-windows-ix86+x86_64, r-oldrel-windows-ix86+x86_64