Last updated on 2021-11-01 00:49:43 CET.
Flavor | Version | Tinstall | Tcheck | Ttotal | Status | Flags |
---|---|---|---|---|---|---|
r-devel-linux-x86_64-debian-clang | 1.5-1 | 1.77 | 19.37 | 21.14 | NOTE | |
r-devel-linux-x86_64-debian-gcc | 1.5-1 | 1.50 | 15.22 | 16.72 | NOTE | |
r-devel-linux-x86_64-fedora-clang | 1.5-1 | 37.68 | NOTE | |||
r-devel-linux-x86_64-fedora-gcc | 1.5-1 | 26.40 | NOTE | |||
r-devel-windows-x86_64 | 1.5-1 | 3.00 | 26.00 | 29.00 | NOTE | |
r-devel-windows-x86_64-gcc10-UCRT | 1.5-1 | NOTE | ||||
r-patched-linux-x86_64 | 1.5-1 | 1.59 | 18.98 | 20.57 | NOTE | |
r-patched-solaris-x86 | 1.5-1 | 42.00 | NOTE | |||
r-release-linux-x86_64 | 1.5-1 | 1.70 | 18.99 | 20.69 | NOTE | |
r-release-macos-arm64 | 1.5-1 | NOTE | ||||
r-release-macos-x86_64 | 1.5-1 | NOTE | ||||
r-release-windows-ix86+x86_64 | 1.5-1 | 4.00 | 26.00 | 30.00 | NOTE | |
r-oldrel-macos-x86_64 | 1.5-1 | NOTE | ||||
r-oldrel-windows-ix86+x86_64 | 1.5-1 | 4.00 | 25.00 | 29.00 | NOTE |
Version: 1.5-1
Check: R code for possible problems
Result: NOTE
lm.beta: no visible global function definition for 'coef'
lm.beta: no visible global function definition for 'model.matrix'
lm.beta: no visible global function definition for 'model.frame'
Undefined global functions or variables:
coef model.frame model.matrix
Consider adding
importFrom("stats", "coef", "model.frame", "model.matrix")
to your NAMESPACE file.
Flavors: r-devel-linux-x86_64-debian-clang, r-devel-linux-x86_64-debian-gcc, r-devel-linux-x86_64-fedora-clang, r-devel-linux-x86_64-fedora-gcc, r-devel-windows-x86_64, r-devel-windows-x86_64-gcc10-UCRT, r-patched-linux-x86_64, r-patched-solaris-x86, r-release-linux-x86_64, r-release-macos-arm64, r-release-macos-x86_64, r-release-windows-ix86+x86_64, r-oldrel-macos-x86_64, r-oldrel-windows-ix86+x86_64