Last updated on 2021-11-01 00:49:42 CET.
Flavor | Version | Tinstall | Tcheck | Ttotal | Status | Flags |
---|---|---|---|---|---|---|
r-devel-linux-x86_64-debian-clang | 0.2.0 | 2.54 | 23.99 | 26.53 | NOTE | |
r-devel-linux-x86_64-debian-gcc | 0.2.0 | 1.89 | 19.36 | 21.25 | NOTE | |
r-devel-linux-x86_64-fedora-clang | 0.2.0 | 43.59 | NOTE | |||
r-devel-linux-x86_64-fedora-gcc | 0.2.0 | 32.03 | NOTE | |||
r-devel-windows-x86_64 | 0.2.0 | 4.00 | 32.00 | 36.00 | NOTE | |
r-devel-windows-x86_64-gcc10-UCRT | 0.2.0 | NOTE | ||||
r-patched-linux-x86_64 | 0.2.0 | 2.87 | 23.15 | 26.02 | NOTE | |
r-patched-solaris-x86 | 0.2.0 | 49.70 | NOTE | |||
r-release-linux-x86_64 | 0.2.0 | 2.46 | 23.03 | 25.49 | NOTE | |
r-release-macos-arm64 | 0.2.0 | NOTE | ||||
r-release-macos-x86_64 | 0.2.0 | NOTE | ||||
r-release-windows-ix86+x86_64 | 0.2.0 | 5.00 | 33.00 | 38.00 | NOTE | |
r-oldrel-macos-x86_64 | 0.2.0 | NOTE | ||||
r-oldrel-windows-ix86+x86_64 | 0.2.0 | 4.00 | 42.00 | 46.00 | OK |
Version: 0.2.0
Check: LazyData
Result: NOTE
'LazyData' is specified without a 'data' directory
Flavors: r-devel-linux-x86_64-debian-clang, r-devel-linux-x86_64-debian-gcc, r-devel-linux-x86_64-fedora-clang, r-devel-linux-x86_64-fedora-gcc, r-devel-windows-x86_64, r-devel-windows-x86_64-gcc10-UCRT, r-patched-linux-x86_64, r-patched-solaris-x86, r-release-linux-x86_64, r-release-macos-arm64, r-release-macos-x86_64, r-release-windows-ix86+x86_64
Version: 0.2.0
Check: dependencies in R code
Result: NOTE
Namespaces in Imports field not imported from:
‘curl’ ‘jsonlite’
All declared Imports should be used.
Flavors: r-devel-linux-x86_64-fedora-clang, r-devel-linux-x86_64-fedora-gcc, r-devel-windows-x86_64-gcc10-UCRT, r-patched-solaris-x86, r-release-macos-arm64, r-release-macos-x86_64, r-oldrel-macos-x86_64