CRAN Package Check Results for Package lest

Last updated on 2021-11-01 00:49:42 CET.

Flavor Version Tinstall Tcheck Ttotal Status Flags
r-devel-linux-x86_64-debian-clang 1.1.0 3.26 22.76 26.02 NOTE
r-devel-linux-x86_64-debian-gcc 1.1.0 2.28 17.90 20.18 NOTE
r-devel-linux-x86_64-fedora-clang 1.1.0 42.91 NOTE
r-devel-linux-x86_64-fedora-gcc 1.1.0 31.45 NOTE
r-devel-windows-x86_64 1.1.0 6.00 36.00 42.00 NOTE
r-devel-windows-x86_64-gcc10-UCRT 1.1.0 NOTE
r-patched-linux-x86_64 1.1.0 3.11 22.03 25.14 NOTE
r-patched-solaris-x86 1.1.0 48.00 NOTE
r-release-linux-x86_64 1.1.0 2.77 22.59 25.36 NOTE
r-release-macos-arm64 1.1.0 NOTE
r-release-macos-x86_64 1.1.0 NOTE
r-release-windows-ix86+x86_64 1.1.0 8.00 38.00 46.00 NOTE
r-oldrel-macos-x86_64 1.1.0 OK
r-oldrel-windows-ix86+x86_64 1.1.0 8.00 47.00 55.00 OK

Check Details

Version: 1.1.0
Check: LazyData
Result: NOTE
     'LazyData' is specified without a 'data' directory
Flavors: r-devel-linux-x86_64-debian-clang, r-devel-linux-x86_64-debian-gcc, r-devel-linux-x86_64-fedora-clang, r-devel-linux-x86_64-fedora-gcc, r-devel-windows-x86_64, r-devel-windows-x86_64-gcc10-UCRT, r-patched-linux-x86_64, r-patched-solaris-x86, r-release-linux-x86_64, r-release-macos-arm64, r-release-macos-x86_64, r-release-windows-ix86+x86_64

Version: 1.1.0
Check: Rd cross-references
Result: NOTE
    Undeclared package ‘MESS’ in Rd xrefs
Flavor: r-devel-linux-x86_64-fedora-clang