CRAN Package Check Results for Package leaflet.extras2

Last updated on 2021-11-01 00:49:42 CET.

Flavor Version Tinstall Tcheck Ttotal Status Flags
r-devel-linux-x86_64-debian-clang 1.1.0 4.83 42.26 47.09 OK
r-devel-linux-x86_64-debian-gcc 1.1.0 3.57 32.88 36.45 OK
r-devel-linux-x86_64-fedora-clang 1.1.0 66.77 NOTE
r-devel-linux-x86_64-fedora-gcc 1.1.0 55.97 OK
r-devel-windows-x86_64 1.1.0 9.00 46.00 55.00 OK
r-devel-windows-x86_64-gcc10-UCRT 1.1.0 OK
r-patched-linux-x86_64 1.1.0 11.85 41.31 53.16 OK
r-patched-solaris-x86 1.1.0 87.20 OK
r-release-linux-x86_64 1.1.0 4.58 41.03 45.61 OK
r-release-macos-arm64 1.1.0 OK
r-release-macos-x86_64 1.1.0 OK
r-release-windows-ix86+x86_64 1.1.0 7.00 49.00 56.00 OK
r-oldrel-macos-x86_64 1.1.0 OK
r-oldrel-windows-ix86+x86_64 1.1.0 8.00 63.00 71.00 OK

Check Details

Version: 1.1.0
Check: Rd cross-references
Result: NOTE
    Undeclared package ‘htmlwidgets’ in Rd xrefs
Flavor: r-devel-linux-x86_64-fedora-clang