Last updated on 2021-11-01 00:49:42 CET.
Flavor | Version | Tinstall | Tcheck | Ttotal | Status | Flags |
---|---|---|---|---|---|---|
r-devel-linux-x86_64-debian-clang | 0.1.2 | 2.18 | 21.59 | 23.77 | NOTE | |
r-devel-linux-x86_64-debian-gcc | 0.1.2 | 1.69 | 17.46 | 19.15 | NOTE | |
r-devel-linux-x86_64-fedora-clang | 0.1.2 | 40.64 | NOTE | |||
r-devel-linux-x86_64-fedora-gcc | 0.1.2 | 29.90 | NOTE | |||
r-devel-windows-x86_64 | 0.1.2 | 5.00 | 31.00 | 36.00 | NOTE | |
r-devel-windows-x86_64-gcc10-UCRT | 0.1.2 | NOTE | ||||
r-patched-linux-x86_64 | 0.1.2 | 2.37 | 21.05 | 23.42 | NOTE | |
r-patched-solaris-x86 | 0.1.2 | 46.70 | NOTE | |||
r-release-linux-x86_64 | 0.1.2 | 2.04 | 21.31 | 23.35 | NOTE | |
r-release-macos-arm64 | 0.1.2 | NOTE | ||||
r-release-macos-x86_64 | 0.1.2 | NOTE | ||||
r-release-windows-ix86+x86_64 | 0.1.2 | 5.00 | 35.00 | 40.00 | NOTE | |
r-oldrel-macos-x86_64 | 0.1.2 | OK | ||||
r-oldrel-windows-ix86+x86_64 | 0.1.2 | 5.00 | 44.00 | 49.00 | OK |
Version: 0.1.2
Check: LazyData
Result: NOTE
'LazyData' is specified without a 'data' directory
Flavors: r-devel-linux-x86_64-debian-clang, r-devel-linux-x86_64-debian-gcc, r-devel-linux-x86_64-fedora-clang, r-devel-linux-x86_64-fedora-gcc, r-devel-windows-x86_64, r-devel-windows-x86_64-gcc10-UCRT, r-patched-linux-x86_64, r-patched-solaris-x86, r-release-linux-x86_64, r-release-macos-arm64, r-release-macos-x86_64, r-release-windows-ix86+x86_64