Last updated on 2021-11-01 00:49:42 CET.
Flavor | Version | Tinstall | Tcheck | Ttotal | Status | Flags |
---|---|---|---|---|---|---|
r-devel-linux-x86_64-debian-clang | 1.1.1 | 73.90 | 175.15 | 249.05 | OK | |
r-devel-linux-x86_64-debian-gcc | 1.1.1 | 56.05 | 131.37 | 187.42 | OK | |
r-devel-linux-x86_64-fedora-clang | 1.1.1 | 359.93 | NOTE | |||
r-devel-linux-x86_64-fedora-gcc | 1.1.1 | 328.37 | OK | |||
r-devel-windows-x86_64 | 1.1.1 | 100.00 | 162.00 | 262.00 | NOTE | |
r-devel-windows-x86_64-gcc10-UCRT | 1.1.1 | OK | ||||
r-patched-linux-x86_64 | 1.1.1 | 65.12 | 166.31 | 231.43 | OK | |
r-patched-solaris-x86 | 1.1.1 | 375.40 | NOTE | |||
r-release-linux-x86_64 | 1.1.1 | 67.17 | 166.95 | 234.12 | OK | |
r-release-macos-arm64 | 1.1.1 | NOTE | ||||
r-release-macos-x86_64 | 1.1.1 | NOTE | ||||
r-release-windows-ix86+x86_64 | 1.1.1 | 126.00 | 214.00 | 340.00 | NOTE | |
r-oldrel-macos-x86_64 | 1.1.1 | NOTE | ||||
r-oldrel-windows-ix86+x86_64 | 1.1.1 | 133.00 | 290.00 | 423.00 | NOTE |
Version: 1.1.1
Check: installed package size
Result: NOTE
installed size is 6.2Mb
sub-directories of 1Mb or more:
libs 2.0Mb
shiny-landsepi 1.3Mb
Flavors: r-devel-linux-x86_64-fedora-clang, r-devel-windows-x86_64, r-patched-solaris-x86, r-release-macos-arm64, r-release-macos-x86_64, r-release-windows-ix86+x86_64, r-oldrel-macos-x86_64, r-oldrel-windows-ix86+x86_64