CRAN Package Check Results for Package l0ara

Last updated on 2021-11-01 00:49:42 CET.

Flavor Version Tinstall Tcheck Ttotal Status Flags
r-devel-linux-x86_64-debian-clang 0.1.6 35.75 28.20 63.95 NOTE
r-devel-linux-x86_64-debian-gcc 0.1.6 24.88 22.17 47.05 NOTE
r-devel-linux-x86_64-fedora-clang 0.1.6 100.93 NOTE
r-devel-linux-x86_64-fedora-gcc 0.1.6 82.46 NOTE
r-devel-windows-x86_64 0.1.6 45.00 47.00 92.00 NOTE
r-devel-windows-x86_64-gcc10-UCRT 0.1.6 NOTE
r-patched-linux-x86_64 0.1.6 27.41 27.50 54.91 NOTE
r-patched-solaris-x86 0.1.6 88.60 NOTE
r-release-linux-x86_64 0.1.6 29.74 27.24 56.98 NOTE
r-release-macos-arm64 0.1.6 NOTE
r-release-macos-x86_64 0.1.6 NOTE
r-release-windows-ix86+x86_64 0.1.6 62.00 58.00 120.00 NOTE
r-oldrel-macos-x86_64 0.1.6 OK
r-oldrel-windows-ix86+x86_64 0.1.6 65.00 67.00 132.00 OK

Check Details

Version: 0.1.6
Check: LazyData
Result: NOTE
     'LazyData' is specified without a 'data' directory
Flavors: r-devel-linux-x86_64-debian-clang, r-devel-linux-x86_64-debian-gcc, r-devel-linux-x86_64-fedora-clang, r-devel-linux-x86_64-fedora-gcc, r-devel-windows-x86_64, r-devel-windows-x86_64-gcc10-UCRT, r-patched-linux-x86_64, r-patched-solaris-x86, r-release-linux-x86_64, r-release-macos-arm64, r-release-macos-x86_64, r-release-windows-ix86+x86_64