Last updated on 2021-11-01 00:49:42 CET.
Flavor | Version | Tinstall | Tcheck | Ttotal | Status | Flags |
---|---|---|---|---|---|---|
r-devel-linux-x86_64-debian-clang | 2.4.2 | 8.42 | 61.89 | 70.31 | NOTE | |
r-devel-linux-x86_64-debian-gcc | 2.4.2 | 6.89 | 49.08 | 55.97 | NOTE | |
r-devel-linux-x86_64-fedora-clang | 2.4.2 | 98.28 | NOTE | |||
r-devel-linux-x86_64-fedora-gcc | 2.4.2 | 86.06 | NOTE | |||
r-devel-windows-x86_64 | 2.4.2 | 14.00 | 60.00 | 74.00 | OK | |
r-devel-windows-x86_64-gcc10-UCRT | 2.4.2 | OK | ||||
r-patched-linux-x86_64 | 2.4.2 | 13.84 | 59.86 | 73.70 | NOTE | |
r-patched-solaris-x86 | 2.4.2 | 114.20 | NOTE | |||
r-release-linux-x86_64 | 2.4.2 | 8.73 | 59.87 | 68.60 | NOTE | |
r-release-macos-arm64 | 2.4.2 | OK | ||||
r-release-macos-x86_64 | 2.4.2 | OK | ||||
r-release-windows-ix86+x86_64 | 2.4.2 | 12.00 | 66.00 | 78.00 | OK | |
r-oldrel-macos-x86_64 | 2.4.2 | OK | ||||
r-oldrel-windows-ix86+x86_64 | 2.4.2 | 13.00 | 77.00 | 90.00 | OK |
Version: 2.4.2
Check: for non-standard things in the check directory
Result: NOTE
Found the following files/directories:
'cld1.Rdata' 'main.tex' 'myCld.Rdata' 'myCld3d.Rdata' 'scene.asy'
Flavors: r-devel-linux-x86_64-debian-clang, r-devel-linux-x86_64-debian-gcc, r-devel-linux-x86_64-fedora-clang, r-devel-linux-x86_64-fedora-gcc, r-patched-linux-x86_64, r-patched-solaris-x86, r-release-linux-x86_64