Last updated on 2021-11-01 00:49:42 CET.
Flavor | Version | Tinstall | Tcheck | Ttotal | Status | Flags |
---|---|---|---|---|---|---|
r-devel-linux-x86_64-debian-clang | 0.1.1 | 10.84 | 72.36 | 83.20 | NOTE | |
r-devel-linux-x86_64-debian-gcc | 0.1.1 | 9.41 | 54.53 | 63.94 | NOTE | |
r-devel-linux-x86_64-fedora-clang | 0.1.1 | 110.52 | NOTE | |||
r-devel-linux-x86_64-fedora-gcc | 0.1.1 | 95.95 | NOTE | |||
r-devel-windows-x86_64 | 0.1.1 | 18.00 | 82.00 | 100.00 | NOTE | |
r-devel-windows-x86_64-gcc10-UCRT | 0.1.1 | NOTE | ||||
r-patched-linux-x86_64 | 0.1.1 | 16.86 | 70.91 | 87.77 | NOTE | |
r-patched-solaris-x86 | 0.1.1 | 131.70 | NOTE | |||
r-release-linux-x86_64 | 0.1.1 | 10.85 | 69.53 | 80.38 | NOTE | |
r-release-macos-arm64 | 0.1.1 | NOTE | ||||
r-release-macos-x86_64 | 0.1.1 | NOTE | ||||
r-release-windows-ix86+x86_64 | 0.1.1 | 16.00 | 76.00 | 92.00 | NOTE | |
r-oldrel-macos-x86_64 | 0.1.1 | NOTE | ||||
r-oldrel-windows-ix86+x86_64 | 0.1.1 | 16.00 | 100.00 | 116.00 | OK |
Version: 0.1.1
Check: LazyData
Result: NOTE
'LazyData' is specified without a 'data' directory
Flavors: r-devel-linux-x86_64-debian-clang, r-devel-linux-x86_64-debian-gcc, r-devel-linux-x86_64-fedora-clang, r-devel-linux-x86_64-fedora-gcc, r-devel-windows-x86_64, r-devel-windows-x86_64-gcc10-UCRT, r-patched-linux-x86_64, r-patched-solaris-x86, r-release-linux-x86_64, r-release-macos-arm64, r-release-macos-x86_64, r-release-windows-ix86+x86_64
Version: 0.1.1
Check: dependencies in R code
Result: NOTE
Namespaces in Imports field not imported from:
‘Biostrings’ ‘Rsamtools’ ‘rtracklayer’
All declared Imports should be used.
Flavors: r-devel-linux-x86_64-fedora-clang, r-devel-linux-x86_64-fedora-gcc, r-devel-windows-x86_64-gcc10-UCRT, r-patched-solaris-x86, r-release-macos-arm64, r-release-macos-x86_64, r-oldrel-macos-x86_64
Version: 0.1.1
Check: installed package size
Result: NOTE
installed size is 5.4Mb
sub-directories of 1Mb or more:
doc 3.2Mb
extdata 1.4Mb
Flavor: r-patched-solaris-x86